{"id":82,"date":"2019-06-13T21:21:17","date_gmt":"2019-06-13T19:21:17","guid":{"rendered":"http:\/\/parkwojanowo.pruszczgdanski.pl\/?page_id=82"},"modified":"2019-06-13T21:25:02","modified_gmt":"2019-06-13T19:25:02","slug":"przyroda9","status":"publish","type":"page","link":"https:\/\/parkwojanowo.pruszczgdanski.pl\/index.php\/przyroda9\/","title":{"rendered":"Klon jawor (Acer pseudoplatanus L.), jawor, klon jaworowy"},"content":{"rendered":"\t\t<div data-elementor-type=\"wp-post\" data-elementor-id=\"82\" class=\"elementor elementor-82\">\n\t\t\t\t\t\t<section class=\"elementor-section elementor-top-section elementor-element elementor-element-e34d43e elementor-section-boxed elementor-section-height-default elementor-section-height-default\" data-id=\"e34d43e\" data-element_type=\"section\" data-e-type=\"section\">\n\t\t\t\t\t\t<div class=\"elementor-container elementor-column-gap-default\">\n\t\t\t\t\t<div class=\"elementor-column elementor-col-100 elementor-top-column elementor-element elementor-element-82f43e3\" data-id=\"82f43e3\" data-element_type=\"column\" data-e-type=\"column\">\n\t\t\t<div class=\"elementor-widget-wrap elementor-element-populated\">\n\t\t\t\t\t\t<div class=\"elementor-element elementor-element-b336ae1 elementor-widget elementor-widget-text-editor\" data-id=\"b336ae1\" data-element_type=\"widget\" data-e-type=\"widget\" data-widget_type=\"text-editor.default\">\n\t\t\t\t<div class=\"elementor-widget-container\">\n\t\t\t\t\t\t\t\t\t<p style=\"text-align: center;\"><span style=\"color: #000000;\"><strong>Klon jawor <\/strong>(<em>Acer pseudoplatanus<\/em> <a style=\"color: #000000;\" href=\"https:\/\/pl.wikipedia.org\/wiki\/Karol_Linneusz\">L.<\/a>), jawor, klon jaworowy<\/span><\/p>\t\t\t\t\t\t\t\t<\/div>\n\t\t\t\t<\/div>\n\t\t\t\t\t<\/div>\n\t\t<\/div>\n\t\t\t\t\t<\/div>\n\t\t<\/section>\n\t\t\t\t<section class=\"elementor-section elementor-top-section elementor-element elementor-element-bd6f71b elementor-section-boxed elementor-section-height-default elementor-section-height-default\" data-id=\"bd6f71b\" data-element_type=\"section\" data-e-type=\"section\">\n\t\t\t\t\t\t<div class=\"elementor-container elementor-column-gap-default\">\n\t\t\t\t\t<div class=\"elementor-column elementor-col-100 elementor-top-column elementor-element elementor-element-dc2f2b8\" data-id=\"dc2f2b8\" data-element_type=\"column\" data-e-type=\"column\">\n\t\t\t<div class=\"elementor-widget-wrap elementor-element-populated\">\n\t\t\t\t\t\t<div class=\"elementor-element elementor-element-bd55078 elementor-widget-divider--view-line elementor-widget elementor-widget-divider\" data-id=\"bd55078\" data-element_type=\"widget\" data-e-type=\"widget\" data-widget_type=\"divider.default\">\n\t\t\t\t<div class=\"elementor-widget-container\">\n\t\t\t\t\t\t\t<div class=\"elementor-divider\">\n\t\t\t<span class=\"elementor-divider-separator\">\n\t\t\t\t\t\t<\/span>\n\t\t<\/div>\n\t\t\t\t\t\t<\/div>\n\t\t\t\t<\/div>\n\t\t\t\t\t<\/div>\n\t\t<\/div>\n\t\t\t\t\t<\/div>\n\t\t<\/section>\n\t\t\t\t<section class=\"elementor-section elementor-top-section elementor-element elementor-element-b7b4ad0 elementor-section-boxed elementor-section-height-default elementor-section-height-default\" data-id=\"b7b4ad0\" data-element_type=\"section\" data-e-type=\"section\">\n\t\t\t\t\t\t<div class=\"elementor-container elementor-column-gap-default\">\n\t\t\t\t\t<div class=\"elementor-column elementor-col-100 elementor-top-column elementor-element elementor-element-c39adb0\" data-id=\"c39adb0\" data-element_type=\"column\" data-e-type=\"column\">\n\t\t\t<div class=\"elementor-widget-wrap elementor-element-populated\">\n\t\t\t\t\t\t<div class=\"elementor-element elementor-element-7e0bb7f elementor-widget elementor-widget-text-editor\" data-id=\"7e0bb7f\" data-element_type=\"widget\" data-e-type=\"widget\" data-widget_type=\"text-editor.default\">\n\t\t\t\t<div class=\"elementor-widget-container\">\n\t\t\t\t\t\t\t\t\t<p><span style=\"color: #000000;\"><strong>Rodzina: mydle\u0144cowate<\/strong><\/span><\/p><p><span style=\"color: #000000;\"><strong>Opis og\u00f3lny<\/strong><\/span><\/p><p>Jawor jest najwi\u0119kszym polskim klonem i r\u00f3wnocze\u015bnie jednym z najwi\u0119kszych przedstawicieli ca\u0142ego rodzaju. Jest to wysokie i okaza\u0142e drzewo li\u015bciaste o prostym, grubym pniu i szerokiej, wysoko osadzonej koronie. Dorasta do wysoko\u015bci 40 m i \u015brednicy pnia 1-1,5 m. Kora u m\u0142odych drzew jest srebrzystoszara i g\u0142adka, miejscami pokryta czarnym nalotem, przypominaj\u0105cym sadz\u0119. U doros\u0142ych drzew jest jasnoszara, \u0142uszcz\u0105ca si\u0119 cienkimi p\u0142atami, podobnie jak u platana.<\/p><p><strong><span style=\"color: #000000;\">Zasi\u0119g naturalny<\/span><\/strong><\/p><p>W stanie dzikim drzewo to wyst\u0119puje w \u015brodkowej i po\u0142udniowej cz\u0119\u015bci Europy a\u017c po Kaukaz i w Azji Mniejszej. W Polsce jest drzewem pospolitym. Ro\u015bnie na terenie ca\u0142ego kraju z wyj\u0105tkiem cz\u0119\u015bci p\u00f3\u0142nocno-wschodniej. Preferuje gleby \u017cyzne, ci\u0119\u017ckie i do\u015b\u0107 wilgotne. Lubi stanowiska s\u0142oneczne.<\/p><p><span style=\"color: #000000;\"><strong>Li\u015bcie<\/strong><\/span><\/p><p>Blaszka li\u015bciowa jest okr\u0105g\u0142awa, d\u0142oniasto klapowana, d\u0142ugo\u015bci 10-20 cm i mniej wi\u0119cej takiej samej szeroko\u015bci, ciemnozielona. Wczesn\u0105 jesieni\u0105 przebarwia si\u0119 na jasno\u017c\u00f3\u0142ty lub pomara\u0144czowy kolor.<\/p><p><strong><span style=\"color: #000000;\">Kwiaty<\/span><\/strong><\/p><p>Kwiaty jawora s\u0105 zasadniczo obup\u0142ciowe, \u00a0\u017co\u0142tawozielone, kwitn\u0105 w maju.<\/p><p><strong><span style=\"color: #000000;\">Zapylanie\u00a0<\/span><\/strong><\/p><p>Klon jawor jest \u00a0ro\u015blin\u0105 owadopyln\u0105.<\/p><p><strong><span style=\"color: #000000;\">Owoce<\/span><\/strong><\/p><p>Owoce klonu jawora to podw\u00f3jne skrzydlaki z kulistymi orzeszkami i skrzyde\u0142kami d\u0142ugo\u015bci 3-5 cm. Dojrzewaj\u0105 we wrze\u015bniu i pa\u017adzierniku.<\/p><p><strong><span style=\"color: #000000;\">Cechy u\u017cytkowe\/zastosowanie<\/span><\/strong><\/p><p>Drewno jaworowe jest jasne, \u017c\u00f3\u0142tawobia\u0142e do niemal bia\u0142ego,\u00a0 twarde, a jednocze\u015bnie bardzo elastyczne, \u0142atwe w obr\u00f3bce. Drewno jawora jest u\u017cywane m.in. do produkcji mebli, oklein, wyrob\u00f3w galanteryjnych i instrument\u00f3w muzycznych.<\/p><p>Jawor jest drzewem bardzo cennym dla pszcz\u00f3\u0142. Kwitnie wiosn\u0105 bardzo d\u0142ugo i\u00a0dostarcza obfitego wzi\u0105tku nektarowego i\u00a0py\u0142kowego.<\/p><p><strong><span style=\"color: #000000;\">Ciekawostka<\/span><\/strong><\/p><p>Ze wzgl\u0119du na swe w\u0142a\u015bciwo\u015bci rezonansowe drewno jaworowe by\u0142o i nadal jest wykorzystywane do wytwarzania instrument\u00f3w muzycznych, zw\u0142aszcza skrzypiec.<\/p><p>Na terenie parku przy Centrum Onkologii w Warszawie, \u00a0ro\u015bnie klon jawor \u201eMaria\u201d zasadzony przez Mari\u0119 Sk\u0142odowsk\u0105-Curie w 1932 roku. By\u0142a to ostatnia wizyta noblistki w Polsce. Wymiary drzewa to 19 m wysoko\u015bci i 232 cm obwodu.<\/p>\t\t\t\t\t\t\t\t<\/div>\n\t\t\t\t<\/div>\n\t\t\t\t\t<\/div>\n\t\t<\/div>\n\t\t\t\t\t<\/div>\n\t\t<\/section>\n\t\t\t\t<\/div>\n\t\t","protected":false},"excerpt":{"rendered":"<p>Klon jawor (Acer pseudoplatanus L.), jawor, klon jaworowy Rodzina: mydle\u0144cowate Opis og\u00f3lny Jawor jest najwi\u0119kszym polskim klonem i r\u00f3wnocze\u015bnie jednym z najwi\u0119kszych przedstawicieli ca\u0142ego rodzaju. Jest to wysokie i okaza\u0142e drzewo li\u015bciaste o prostym, grubym pniu i szerokiej, wysoko osadzonej koronie. Dorasta do wysoko\u015bci 40 m i \u015brednicy pnia 1-1,5 m. Kora u m\u0142odych drzew [&hellip;]<\/p>\n","protected":false},"author":1,"featured_media":0,"parent":0,"menu_order":0,"comment_status":"closed","ping_status":"closed","template":"elementor_header_footer","meta":{"footnotes":""},"class_list":["post-82","page","type-page","status-publish","hentry"],"_links":{"self":[{"href":"https:\/\/parkwojanowo.pruszczgdanski.pl\/index.php\/wp-json\/wp\/v2\/pages\/82","targetHints":{"allow":["GET"]}}],"collection":[{"href":"https:\/\/parkwojanowo.pruszczgdanski.pl\/index.php\/wp-json\/wp\/v2\/pages"}],"about":[{"href":"https:\/\/parkwojanowo.pruszczgdanski.pl\/index.php\/wp-json\/wp\/v2\/types\/page"}],"author":[{"embeddable":true,"href":"https:\/\/parkwojanowo.pruszczgdanski.pl\/index.php\/wp-json\/wp\/v2\/users\/1"}],"replies":[{"embeddable":true,"href":"https:\/\/parkwojanowo.pruszczgdanski.pl\/index.php\/wp-json\/wp\/v2\/comments?post=82"}],"version-history":[{"count":4,"href":"https:\/\/parkwojanowo.pruszczgdanski.pl\/index.php\/wp-json\/wp\/v2\/pages\/82\/revisions"}],"predecessor-version":[{"id":86,"href":"https:\/\/parkwojanowo.pruszczgdanski.pl\/index.php\/wp-json\/wp\/v2\/pages\/82\/revisions\/86"}],"wp:attachment":[{"href":"https:\/\/parkwojanowo.pruszczgdanski.pl\/index.php\/wp-json\/wp\/v2\/media?parent=82"}],"curies":[{"name":"wp","href":"https:\/\/api.w.org\/{rel}","templated":true}]}}